ase 2, what is 10000001000010110 + -10111?
10000000111111111
In base 8, what is -62734 + -13?
-62747
In base 12, what is -34433 - -2?
-34431
In base 7, what is 5 + -112250?
-112242
In base 10, what is -732051 - -3?
-732048
In base 12, what is -3 - 8301?
-8304
In base 6, what is -1312 - 1555?
-3311
In base 14, what is -8 + -2ba0?
-2ba8
In base 16, what is 3 - -1b05?
1b08
In base 5, what is 3 + 211002022?
211002030
In base 16, what is -586 + -2?
-588
In base 10, what is -56484 + 1?
-56483
In base 15, what is 0 - -15e79?
15e79
In base 3, what is 10201221 - 1111?
10200110
In base 14, what is c5b5 - 5?
c5b0
In base 10, what is 5 + 482228?
482233
In base 9, what is 2686 + -47?
2638
In base 10, what is -513351 - -3?
-513348
In base 15, what is c + -2066?
-2059
In base 4, what is 12000132 + -121?
12000011
In base 13, what is -141bb + -5?
-141c3
In base 3, what is 0 + 122112222?
122112222
In base 3, what is -1020212221 - -10?
-1020212211
In base 12, what is -3811 - 1?
-3812
In base 2, what is 11111100001 + -1100?
11111010101
In base 7, what is 1166 + 233?
1432
In base 8, what is 353 + -540?
-165
In base 2, what is -111110001111 + 1101?
-111110000010
In base 4, what is 21223 + -332?
20231
In base 3, what is -20221 - -21110?
112
In base 2, what is 101100 + -10100110110010?
-10100110000110
In base 6, what is -111241454 - 4?
-111241502
In base 7, what is -142344316 - 5?
-142344324
In base 14, what is -119c - -2a3?
-cd9
In base 15, what is 1 - 178?
-177
In base 7, what is -10005 + -13?
-10021
In base 15, what is -22 + -4baa?
-4bcc
In base 3, what is 0 - 100122111?
-100122111
In base 6, what is 12533 + -11501?
1032
In base 12, what is -5 + -1544?
-1549
In base 7, what is -44 - 333?
-410
In base 2, what is 1010011011 + -111000000?
11011011
In base 3, what is -211 + 221221?
221010
In base 2, what is 100110010011 - 10010?
100110000001
In base 12, what is 3 - -2a6744?
2a6747
In base 13, what is 2 + 2a99a?
2a99c
In base 5, what is 102134 + -124?
102010
In base 9, what is -135 - 1021?
-1156
In base 10, what is 125 - -3446?
3571
In base 8, what is -2 + -123052?
-123054
In base 12, what is 426a5 - 5?
426a0
In base 10, what is 6 - -221216?
221222
In base 14, what is d75 - -4a?
dc1
In base 15, what is 4 + 46ce?
46d3
In base 14, what is 602a - -18?
6044
In base 16, what is -12b071 + 5?
-12b06c
In base 8, what is 324427 + 7?
324436
In base 6, what is 21022 - -15?
21041
In base 12, what is 5 + -326466?
-326461
In base 12, what is -b42 - 1ba?
-1140
In base 9, what is -4 + 406627?
406623
In base 10, what is -60564 - -1?
-60563
In base 12, what is -3 - 13b956?
-13b959
In base 9, what is 16524 - -4?
16528
In base 12, what is -1 + -5719a?
-5719b
In base 5, what is -3244 + 2030?
-1214
In base 7, what is -4 + -5652266?
-5652303
In base 16, what is -279 + -f92?
-120b
In base 12, what is -a24 + 162?
-882
In base 9, what is 6706 + -30?
6666
In base 6, what is -245453 + 33?
-245420
In base 14, what is -1 - -5582b?
5582a
In base 15, what is 3c + 675b?
6798
In base 14, what is -74 - -256?
1c2
In base 11, what is 5821a + -6?
58214
In base 15, what is -c - -bc2b?
bc1e
In base 14, what is c61 - 5bc?
683
In base 15, what is 5e0c + b?
5e18
In base 14, what is bcc98 + 0?
bcc98
In base 6, what is 1512 - 445?
1023
In base 2, what is -100 - 11011001110100000?
-11011001110100100
In base 16, what is 145da - 2?
145d8
In base 6, what is -1 + -115512?
-115513
In base 2, what is -101 + 10010001011110111001?
10010001011110110100
In base 15, what is -d4a9c - -6?
-d4a96
In base 9, what is -4 - 26321?
-26325
In base 5, what is -442304 + -1?
-442310
In base 16, what is -13a23 - -1?
-13a22
In base 10, what is -3075 + -383?
-3458
In base 8, what is 16702 + -3?
16677
In base 12, what is 480a9 - 6?
480a3
In base 3, what is 10012120 - -100?
10012220
In base 7, what is -34101602 + 1?
-34101601
In base 12, what is 0 - 2497?
-2497
In base 4, what is -1 - -301100012?
301100011
In base 12, what is 11a8 + 18a?
1376
In base 5, what is -10 - -3340214?
3340204
In base 3, what is -10 + -22222121221?
-22222122001
In base 5, what is -42 + -202223?
-202320
In base 16, what is 27cf - 2?
27cd
In base 9, what is -4 + 155422?
155417
In base 15, what is 109 - -d4?
1dd
In base 16, what is 23 + -101?
-de
In base 5, what is -1 + -1344113?
-1344114
In base 5, what is -2433 + -443201?
-1001134
In base 14, what is 1 - 3090?
-308d
In base 12, what is 25 - 949?
-924
In base 16, what is -69d - 11?
-6ae
In base 7, what is 5202 - -31?
5233
In base 2, what is -10011010001101110000 - -11?
-10011010001101101101
In base 14, what is 17 + -29d4?
-29bb
In base 13, what is 2223b - 5?
22236
In base 15, what is d22 + 17?
d39
In base 16, what is -4 + 5b94?
5b90
In base 10, what is 182 - 2842?
-2660
In base 7, what is -2122 + 22?
-2100
In base 13, what is 95c + -5?
957
In base 9, what is -24001 + 0?
-24001
In base 11, what is 64 + -10593?
-1052a
In base 16, what is -54 - e2e?
-e82
In base 13, what is 1 + -2c9a2?
-2c9a1
In base 16, what is -12 + eda?
ec8
In base 16, what is -2d59 + -3?
-2d5c
In base 6, what is -405 - -102?
-303
In base 4, what is -22021 - -2303210?
2221123
In base 10, what is -261 - 3431?
-3692
In base 10, what is -275 + -118?
-393
In base 6, what is 101403 - -200?
102003
In base 12, what is -43 - -2677?
2634
In base 4, what is -11100103 - 102?
-11100211
In base 16, what is -12b + 6c?
-bf
In base 15, what is 2 + 2c2?
2c4
In base 12, what is 241a + 17?
2435
In base 8, what is 37 - 52?
-13
In base 3, what is 112000 - 21211?
20012
In base 15, what is 6bd - -3e0?
aad
In base 14, what is -4 + -1b14?
-1b18
In base 4, what is 130310 + 12?
130322
In base 15, what is -1a4b3 - -3?
-1a4b0
In base 16, what is 149 - -65?
1ae
In base 9, what is 2 + 11023?
11025
In base 10, what is 1 + -15484?
-15483
In base 10, what is -860 + 118?
-742
In base 3, what is -1001120002 - -1?
-1001120001
In base 6, what is -10054 + 35?
-10015
In base 11, what is 123455 + 13?
123468
In base 6, what is -150 + -2433?
-3023
In base 16, what is -376 - 158?
-4ce
In base 14, what is -c3 - -3d?
-84
In base 7, what is 4255 + 146?
4434
In base 15, what is c + 55a?
567
In base 15, what is -7648 + -59?
-76a2
In base 9, what is 237 + 214?
452
In base 13, what is bcba + 1a?
c007
In base 16, what is -a + -f1f?
-f29
In base 6, what is -2515 - -1504?
-1011
In base 9, what is 5 + 1140155?
1140161
In base 11, what is 4099 + 149?
4237
In base 12, what is -9a555 - 4?
-9a559
In base 2, what is 11111111110101110 - 10?
11111111110101100
In base 3, what is -1001122212 - -11?
-1001122201
In base 10, what is -92 - 7107?
-7199
In base 4, what is 10201 - 1000112?
-323311
In base 6, what is 1330 + 103152?
104522
In base 2, what is -1001110101 - 100110?
-1010011011
In base 10, what is -163223 + -3?
-163226
In base 12, what is 3b9 - -106?
503
In base 16, what is -b + a8d?
a82
In base 3, what is 1 - -1021102002110?
1021102002111
In base 13, what is -15cc + -13?
-1612
In base 16, what is -ff3 - -11?
-fe2
In base 8, what is 0 - 1200726?
-1200726
In base 7, what is 4 - 6666?
-6662
In base 12, what is 5 - 89b07?
-89b02
In base 11, what is 2 + -7838?
-7836
In base 11, what is -7316 + 20?
-72a6
In base 9, what is -4836 - 21?
-4857
In base 14, what is b + 1250?
125b
In base 7, what is -5 + 333663?
333655
In base 9, what is 17 - 315?
-287
In base 13, what is -125b + -11a?
-1378
In base 8, what is -1 + 2044055?
2044054
In base 2, what is -11011001 + 1110100000?
1011000111
In base 10, what is -69 + -8774?
-8843
In base 11, what is -87 - -40767?
40690
In base 9, what is -703375 + -2?
-703377
In base 8, what is -3 + 1137724?
1137721
In base 2, what is -11011011010000 - 0?
-11011011010000
In base 4, what is -20 - 123322300?
-123322320
In base 12, what is -a2b + 43?
-9a8
In base 2, what is 11 + 10111100010011011?
10111100010011110
In base 7, what is 1555 - -155?
2043
In base 8, what is -166 + 101747?
101561
In base 14, what is 334298 + 3?
33429b
In base 10, what is 146 + 242?
388
In base 15, what is -3 - -971b?
9718
In base 2, what is 11 - -1100011000010010?
1100011000010101
In base 4, what is -10 + -2212120?
-2212130
In base 15, what is 3 - -cc7e?
cc82
In base 13, what is -1883 + a?
-1876
In base 2, what is 110001001011011101 + -11?
110001001011011010
In base 14, what is -a - 7661?
-766b
In base 14, what is